 greatest common factor of 15 and 17895.
15
What is the greatest common divisor of 1644 and 228?
12
Calculate the greatest common divisor of 79 and 4511611.
79
Calculate the greatest common divisor of 10616 and 768.
8
Calculate the highest common factor of 140 and 22673.
7
What is the greatest common factor of 75018 and 6?
6
Calculate the greatest common factor of 251489 and 259.
259
What is the greatest common divisor of 338714 and 326?
326
Calculate the highest common divisor of 97607 and 1.
1
Calculate the highest common factor of 2717 and 67678.
247
Calculate the greatest common divisor of 147 and 214095.
21
Calculate the highest common factor of 573 and 16999.
191
What is the highest common factor of 108027 and 9?
9
What is the highest common factor of 412 and 24260?
4
What is the greatest common factor of 208 and 187720?
104
What is the greatest common factor of 21976 and 1206?
134
Calculate the greatest common divisor of 115536 and 40.
8
What is the highest common factor of 21 and 370874?
7
Calculate the greatest common divisor of 1168 and 15695.
73
What is the highest common factor of 37658 and 2?
2
Calculate the highest common divisor of 19569 and 264.
33
Calculate the greatest common divisor of 102281 and 184.
23
What is the greatest common divisor of 33297 and 33?
33
Calculate the greatest common divisor of 150744 and 1782.
66
Calculate the greatest common divisor of 1799 and 10537.
257
Calculate the highest common factor of 138 and 36524.
46
What is the highest common divisor of 26481 and 7917?
273
Calculate the highest common divisor of 540 and 2751930.
90
What is the highest common divisor of 31956 and 252?
12
Calculate the greatest common divisor of 3626 and 1591.
37
What is the highest common factor of 894 and 186?
6
What is the highest common divisor of 87335 and 20?
5
Calculate the greatest common factor of 49575 and 225.
75
Calculate the greatest common divisor of 12064 and 37440.
416
What is the greatest common divisor of 217 and 37665?
31
Calculate the highest common factor of 7596 and 24.
12
Calculate the highest common factor of 145 and 253199.
29
What is the greatest common divisor of 9451 and 39?
13
Calculate the greatest common factor of 611 and 5734.
47
Calculate the greatest common divisor of 3044 and 4.
4
What is the greatest common divisor of 1734083 and 13?
13
Calculate the highest common factor of 146276 and 211120.
1508
What is the highest common divisor of 1206 and 4068?
18
What is the highest common factor of 6568010 and 134?
134
What is the greatest common divisor of 16 and 998944?
16
What is the highest common divisor of 28768 and 2560?
32
Calculate the highest common divisor of 5796 and 588.
84
Calculate the greatest common factor of 36156 and 235800.
1572
Calculate the greatest common factor of 12 and 107616.
12
What is the highest common divisor of 1244304 and 54?
18
What is the highest common divisor of 54708 and 2988?
12
What is the highest common divisor of 253 and 278047?
253
Calculate the highest common divisor of 36212 and 209.
11
Calculate the greatest common factor of 31 and 940633.
31
What is the highest common divisor of 3074 and 1450?
58
Calculate the greatest common divisor of 128 and 14312.
8
What is the highest common factor of 6 and 29974?
2
What is the highest common factor of 28589 and 891?
11
Calculate the greatest common divisor of 2140 and 470.
10
Calculate the greatest common divisor of 33 and 61622.
11
Calculate the highest common factor of 1946280 and 120.
120
What is the highest common divisor of 25390 and 10?
10
What is the greatest common factor of 498 and 2075?
83
What is the highest common factor of 156 and 320268?
156
What is the highest common factor of 25130 and 70?
70
What is the greatest common divisor of 547184 and 64?
16
Calculate the greatest common divisor of 1162 and 140.
14
Calculate the greatest common factor of 23 and 2921.
23
What is the greatest common factor of 534180 and 58?
58
What is the greatest common factor of 2139813 and 52?
13
What is the highest common factor of 3621 and 565515?
213
Calculate the greatest common divisor of 8 and 3602.
2
Calculate the highest common divisor of 3757 and 3263.
13
What is the greatest common divisor of 43182 and 396?
18
Calculate the highest common factor of 289896 and 12126.
282
Calculate the highest common divisor of 38 and 1924.
2
Calculate the highest common divisor of 1312 and 25328.
16
What is the greatest common divisor of 138 and 67827?
69
What is the highest common divisor of 867 and 834343?
289
Calculate the greatest common factor of 7014217 and 34.
17
Calculate the highest common factor of 171380 and 76.
76
Calculate the greatest common divisor of 3699 and 3681.
9
What is the greatest common divisor of 338 and 279019?
169
What is the greatest common factor of 213096 and 104?
104
What is the highest common divisor of 93 and 5740673?
31
Calculate the greatest common factor of 1792 and 2576.
112
Calculate the highest common divisor of 5586 and 1519.
49
What is the greatest common divisor of 120 and 14928?
24
Calculate the highest common divisor of 8786 and 472534.
382
What is the highest common factor of 32684 and 44?
4
Calculate the greatest common factor of 499 and 637223.
499
Calculate the highest common factor of 1275710 and 116.
58
Calculate the greatest common divisor of 1312506 and 30.
6
Calculate the highest common factor of 246490 and 170.
10
Calculate the greatest common divisor of 11236 and 832.
4
What is the greatest common divisor of 3502 and 3706?
34
What is the greatest common divisor of 552 and 376?
8
Calculate the greatest common factor of 133620 and 4590.
510
What is the highest common divisor of 2496 and 4416?
192
Calculate the greatest common factor of 7548 and 8328.
12
Calculate the greatest common factor of 4 and 9490.
2
Calculate the greatest common factor of 12 and 3319044.
12
What is the highest common factor of 19026 and 420?
42
What is the greatest common factor of 1989688 and 584?
584
Calculate the greatest common factor of 2 and 1.
1
What is the highest common factor of 153663 and 131?
131
Calculate the greatest common divisor of 27 and 736398.
27
What is the highest common divisor of 27 and 3951396?
27
Calculate the highest common factor of 61446 and 7809.
57
Calculate the highest common factor of 344336 and 64.
16
Calculate the greatest common factor of 274734 and 72.
18
What is the highest common divisor of 6208 and 9392?
16
Calculate the highest common factor of 752 and 19411.
47
What is the highest common divisor of 1157 and 611?
13
What is the highest common divisor of 4464 and 432?
144
What is the greatest common divisor of 6302 and 17810?
274
Calculate the highest common factor of 13504 and 1024.
64
Calculate the highest common divisor of 530 and 18203380.
530
What is the greatest common factor of 340 and 33340?
20
Calculate the highest common factor of 30820 and 12260.
20
What is the greatest common factor of 251614 and 44?
22
What is the highest common factor of 34 and 51391?
17
What is the greatest common divisor of 30378 and 747?
249
Calculate the highest common divisor of 42926 and 9802.
338
What is the greatest common divisor of 234 and 8034?
78
What is the highest common factor of 128 and 198?
2
What is the highest common divisor of 53470 and 30?
10
What is the highest common divisor of 35631 and 3848?
37
Calculate the greatest common factor of 2576 and 44436.
644
What is the highest common divisor of 16685 and 6815?
235
What is the greatest common divisor of 187709 and 2228?
557
Calculate the highest common factor of 1941135 and 245.
245
What is the highest common factor of 360 and 2466?
18
What is the greatest common factor of 1216 and 2691008?
1216
Calculate the greatest common factor of 47432 and 14036.
484
Calculate the greatest common divisor of 298489 and 421.
421
What is the highest common factor of 4895 and 110?
55
Calculate the highest common factor of 55108 and 92.
92
Calculate the greatest common factor of 7480 and 1793.
11
Calculate the highest common divisor of 430 and 69445.
215
Calculate the highest common factor of 11898 and 882.
18
What is the highest common divisor of 1784 and 115514?
446
What is the highest common divisor of 825 and 7265500?
275
C